1 + 1 = 2*a - 3*p, -5*a - 4*p = -30. Let l = 8 - a. Calculate the remainder when l is divided by 1.
0
Let y(m) = 54*m + 1. Suppose 3*t + 3*k = 7 + 62, -3*k - 26 = -2*t. Calculate the remainder when y(1) is divided by t.
17
Suppose -w = 2*o - 17, w - 19 - 13 = -5*o. Let y = 70 + -44. Calculate the remainder when y is divided by w.
5
Let j(g) = 23*g**2 - 3*g - 3. Let l be j(-2). Let d = l + -45. Suppose 0 = -3*y + y + d. Calculate the remainder when y is divided by 13.
12
What is the remainder when (-3220)/(-77) - 6/(-33) is divided by 22?
20
Let q be (28 - 0)/(-2) + 0. Let k = q - -22. Calculate the remainder when 47 is divided by k.
7
Calculate the remainder when 119 is divided by (2 - -25) + 3*1.
29
Let s(t) = t**3 - 8*t**2 + t + 3. Let g be s(8). Suppose 0 = -0*l - 2*l - 3*x + g, -3*x = l - 1. Calculate the remainder when l is divided by 4.
2
Let b = 31 + -28. What is the remainder when (6/(-5))/(2/(-15)) is divided by b?
0
Suppose 5*b + 2*b = 21. What is the remainder when 6 is divided by b?
0
Suppose -m = 8 - 33. Suppose 3*j - j - 26 = 0. What is the remainder when m is divided by j?
12
Let z = 8 + -11. What is the remainder when 89 is divided by z + -1 + -1 + 35?
29
Suppose 2*b + 3*u - 52 - 26 = 0, -220 = -5*b + 5*u. Calculate the remainder when b is divided by 22.
20
Let g(r) = 2*r**3 - 6*r**2 + 3*r - 1. Calculate the remainder when g(4) is divided by 11.
10
Let y = 117 + 49. Calculate the remainder when y is divided by 42.
40
Let z = 262 - 113. What is the remainder when z is divided by 17?
13
Suppose x + 4 = -3*x, 3*f + 4*x - 17 = 0. Calculate the remainder when 26 is divided by f.
5
Calculate the remainder when 54 is divided by ((5 + -2)/3)/(3/87).
25
Let l(x) = -x**3 + 5*x**2 - 3*x - 1. Let w be l(5). Calculate the remainder when 55 is divided by (19/3)/(w/(-48)).
17
Let a(o) be the third derivative of 1/2*o**3 + 0 - 3*o**2 - 1/60*o**5 + 0*o + 1/3*o**4. What is the remainder when 28 is divided by a(6)?
13
What is the remainder when ((-1)/2)/((-2)/60) is divided by (-1)/(2 - 19/9)?
6
Suppose 0 = -2*n - 0*n + 10. Let v(g) = 3*g + 2. Suppose -14 = -3*h + 4*b, b + b = 4*h - 22. What is the remainder when v(n) is divided by h?
5
Let o be ((-48)/18)/(1/147). Calculate the remainder when 2/6 - o/12 is divided by 18.
15
Suppose u - 3 = -2*u. Calculate the remainder when (-6)/8*(-12)/3 is divided by u.
0
Suppose 0 = -3*i - 3*q, 0 = -i - 2*i + 2*q - 5. Let t = 9 + i. What is the remainder when 29 is divided by t?
5
Let y(k) = -12*k + 5. Calculate the remainder when y(-3) is divided by 22.
19
Suppose -7*a + 2*a + 61 = 2*l, 3*a - 45 = -4*l. Calculate the remainder when 20 is divided by a.
9
Suppose -3*b = 3*f - 15, 4*b = -3*f - 0 + 12. Suppose 0 = -15*j + 9*j + 186. Calculate the remainder when j is divided by f.
7
Suppose 5*d - 5 = 10. Let z be d*1*(1 + 2). Suppose 65 = -4*s + z*s. What is the remainder when 49 is divided by s?
10
Suppose 8 = 4*t, -2*b = -t - 14 - 2. Let y = -4 + b. Suppose 11*k + 3*o = 6*k + 79, -k - 5*o = -29. What is the remainder when k is divided by y?
4
Let g(c) = 2*c - 6. Let d be 2 - (-2 + 4 - 4). Suppose d*v - 55 = -v. What is the remainder when v is divided by g(5)?
3
Let r(q) = -q + 3. Let t be r(6). Let c(l) = l**2 - 2*l - 4. What is the remainder when c(t) is divided by -3 + (-4)/((-12)/21)?
3
Let m be 1 + -2 - (-1 + 2). Let g be 1/(m/14) + 1. Let r = g + 16. Calculate the remainder when 19 is divided by r.
9
Let j(k) = 8*k + 2. Calculate the remainder when j(1) is divided by 6.
4
Suppose 4*s + 4*w - 8 = 2*s, 3 = 2*s - w. Suppose u + 4*u = -5. What is the remainder when 34*u*s/(-4) is divided by 9?
8
What is the remainder when (-1)/1 + (-8 - (-108)/2) is divided by 26?
19
Calculate the remainder when 145 is divided by (67 - 18)/(0 - -1).
47
Let y(r) = r**3 + 5*r**2 - 5*r + 1. Let b(o) = 56*o. Let j be 12/10 - 3/15. Calculate the remainder when b(j) is divided by y(2).
18
Let z = 6 - 7. What is the remainder when 37 is divided by (z - -1*21) + -1?
18
Let m(l) = l**2 + 6*l + 4. Let c be m(-6). Suppose 0 + 8 = c*p. Calculate the remainder when 14 is divided by -12*(-2)/6*p.
6
Suppose m - 26 = -84. Let u = m + 139. What is the remainder when u is divided by 12?
9
Suppose 5*v + 2*m = -1, -m = v + m + 5. What is the remainder when 30 is divided by 19*v + -1 + -2?
14
Let g be 52 - 2 - (-2 + 0). Let u be (-5)/15 - g/6. Calculate the remainder when 3/9 + (-177)/u is divided by 7.
6
Let p be -1 + 1*12 - -1. Let z be 3/p + 2409/12. Suppose 1 = -5*j + z. Calculate the remainder when j is divided by 14.
12
Suppose 0 = 3*x - 0*x - 3. Calculate the remainder when 3 is divided by x.
0
Let a(c) = -c**3 + 18*c**2 + 21*c + 16. What is the remainder when a(19) is divided by 15?
9
Let d(c) = -c**3 + 13*c**2 - 11*c - 3. What is the remainder when 33 is divided by d(12)?
6
Let z(m) be the third derivative of m**6/120 + m**5/10 - m**4/6 - 6*m**2. Calculate the remainder when z(-5) is divided by 23.
22
Let r(t) = -1 - 11*t - 1 + 3. Suppose 2*h = n - 2*h, 4*n - 38 = -3*h. What is the remainder when r(-2) is divided by n?
7
Let d be -3 - 9/(-4 - -1). Suppose -3*g - 18 = -3*a, d = -a + 3*a. Let w = g - -28. Calculate the remainder when 65 is divided by w.
21
Let r = 198 - 169. Let v = -25 - -18. Let j = 3 - v. What is the remainder when r is divided by j?
9
Suppose 2*s - 4*u = -6, -3*s + 0*u = 3*u - 9. Let l = s + 1. What is the remainder when 3 is divided by l?
1
Calculate the remainder when 25 is divided by (-1)/(-4) - (-55)/4.
11
Suppose -2*b = -5*d - 21, 2*d - d = -2*b + 15. What is the remainder when 61 is divided by b?
5
Suppose -m = -7*g + 2*g - 18, -4*m - 3*g + 49 = 0. What is the remainder when 38 is divided by m?
12
Let w(b) = b**2 - 3*b. What is the remainder when w(5) is divided by 6?
4
Suppose -3*j = -j - 6. What is the remainder when 12 + (-9)/3 - 2 is divided by j?
1
Let v = 18 - 10. Let o(k) = k**3 + k - 9*k**2 + 9*k - 4 + 0. What is the remainder when 23 is divided by o(v)?
11
Suppose -8*g + 6*g = -10. What is the remainder when 23 is divided by g?
3
Let c(p) = 2*p**2 + 5*p + 4. Let q be c(-5). Suppose 4*w - 3 - q = 0. Let g = -2 + 5. Calculate the remainder when w is divided by g.
2
Let z(l) = l**2 - 5*l + 5. Calculate the remainder when z(9) is divided by 11.
8
Let u = 4 - 2. What is the remainder when 2 is divided by u?
0
Suppose h - 4*q - 18 = 0, -4*q - 45 = -3*h - q. Let t be -3*(3/(-9) - 1). Suppose -200 = t*k - 9*k. What is the remainder when k is divided by h?
12
Let s be (-8 - 1)/((-6)/(-4)). Let a(w) = -2*w + 8. What is the remainder when a(s) is divided by (-7)/(-3 - 6/(-3))?
6
What is the remainder when (324/(-10))/(3/(45/(-6))) is divided by 22?
15
Let p = 235 + -50. Suppose -3*v + p = -2*v. Suppose -q - 4*q = -v. What is the remainder when q is divided by 19?
18
Let m be (-1)/((-2)/(4/2)). What is the remainder when 62 is divided by (-4)/(-4) + m*20?
20
Let x(y) = y**2 + 2*y + 2. Let j be x(-2). Suppose -u + 36 = d, j*d = 3*u - 0*u + 62. What is the remainder when d is divided by 12?
10
Let a = -19 - -44. What is the remainder when 32 is divided by a?
7
Let w(p) = 62*p + 4. Let h(n) = -187*n - 11. Let a(l) = 3*h(l) + 8*w(l). Let s be a(1). Let d = s + 131. Calculate the remainder when d is divided by 17.
14
Let y(k) = k**2 + 9*k + 16. Calculate the remainder when 29 is divided by y(-8).
5
Suppose 29 = 4*s - 27. Suppose 4*p - 155 = -55. What is the remainder when p is divided by s?
11
Let u(f) = -f + 2. What is the remainder when 8 is divided by u(-2)?
0
Let p = 2 + 0. Let b(z) = -z**2 + 2*z**2 - 2 - 2 + p*z. What is the remainder when 9 is divided by b(-4)?
1
Let z(w) = w**3 + 8*w**2 + 3*w - 3. Calculate the remainder when z(-4) is divided by 13.
10
Let g(s) = s**3 - 2*s**2 - 3*s - 3. Let u be g(-3). Let d = -25 - u. Calculate the remainder when d is divided by 4.
2
Let u = 156 - 105. Let w be u/15 + (-2)/5. Suppose -180 = -3*x + 4*o, -3*o - w = -2*o. Calculate the remainder when x is divided by 19.
18
Let z(h) be the first derivative of h**4/4 - 5*h**3/3 + 4*h**2 - 6*h + 5. What is the remainder when 65 is divided by z(5)?
31
Let w(c) = 4*c**3 - c. Let a be w(1). Suppose 20 + a = 4*v - 3*t, -4 = 4*t. Suppose -v*x = -10*x, l = x + 65. What is the remainder when l is divided by 22?
21
Let h(g) = g**3 + 6*g**